 the greatest common factor of 6420 and 1120?
20
What is the highest common divisor of 16578 and 48?
6
What is the greatest common divisor of 36330 and 840?
210
What is the highest common divisor of 1680 and 22575?
105
Calculate the greatest common factor of 7280 and 1470.
70
What is the highest common factor of 636 and 203096?
212
Calculate the greatest common factor of 3942 and 7154.
146
Calculate the greatest common divisor of 17037 and 56159.
631
Calculate the highest common factor of 3162 and 190650.
186
Calculate the highest common divisor of 1910 and 14020.
10
Calculate the highest common factor of 160304 and 3440.
688
What is the highest common divisor of 818937 and 2476?
619
What is the greatest common divisor of 1216 and 589?
19
Calculate the highest common divisor of 910176 and 2850.
114
What is the greatest common factor of 1 and 8999?
1
What is the highest common factor of 156672 and 6732?
612
What is the highest common factor of 21 and 1612191?
21
What is the highest common factor of 9822219 and 759?
759
Calculate the greatest common divisor of 210 and 1337430.
30
What is the highest common factor of 56 and 97496?
56
Calculate the highest common divisor of 136680 and 1734.
102
What is the greatest common divisor of 32 and 9104?
16
Calculate the greatest common factor of 237249 and 348.
87
Calculate the greatest common divisor of 1169 and 16667.
7
Calculate the greatest common factor of 155 and 1581155.
155
Calculate the highest common factor of 64790 and 139593.
589
What is the greatest common factor of 13612 and 2419?
41
What is the highest common divisor of 108 and 14229?
27
Calculate the greatest common divisor of 18 and 3518166.
6
Calculate the highest common factor of 967620 and 12.
12
What is the highest common factor of 88 and 46992?
88
What is the greatest common factor of 70394 and 14425?
577
What is the highest common factor of 285 and 7635?
15
What is the greatest common factor of 5 and 195870?
5
What is the greatest common factor of 93552 and 2004?
12
Calculate the greatest common factor of 24955 and 62.
31
Calculate the greatest common divisor of 150174 and 729.
729
Calculate the highest common factor of 868 and 1283772.
868
What is the greatest common factor of 1386 and 30690?
198
Calculate the greatest common divisor of 24609 and 273.
39
What is the highest common divisor of 5421 and 707371?
139
Calculate the highest common factor of 1773 and 9653.
197
What is the highest common divisor of 106 and 21836?
106
Calculate the greatest common factor of 5056590 and 121.
121
Calculate the highest common factor of 15042 and 3488.
218
What is the greatest common divisor of 808449 and 186?
93
What is the greatest common divisor of 14 and 959?
7
Calculate the highest common divisor of 16752 and 25008.
48
What is the highest common divisor of 68768 and 91?
7
What is the greatest common divisor of 410 and 2753888?
82
Calculate the highest common factor of 34168 and 1256.
8
Calculate the highest common factor of 3091 and 396.
11
Calculate the highest common factor of 71315 and 202199.
839
Calculate the highest common divisor of 275 and 15763.
11
Calculate the highest common divisor of 20196 and 7524.
396
What is the greatest common divisor of 1614006 and 72?
18
Calculate the greatest common divisor of 549 and 4014.
9
What is the greatest common factor of 57 and 323133?
57
What is the highest common factor of 17 and 10829?
17
Calculate the greatest common factor of 64 and 93504.
64
What is the highest common factor of 7008 and 37104?
48
Calculate the greatest common divisor of 165198 and 66.
66
What is the greatest common divisor of 173522 and 1378?
106
Calculate the greatest common factor of 11245 and 1384.
173
What is the greatest common factor of 67806 and 12?
6
What is the highest common factor of 640 and 617920?
320
What is the highest common factor of 73409 and 2?
1
Calculate the highest common factor of 96 and 235296.
96
What is the highest common divisor of 93548 and 14?
14
Calculate the highest common divisor of 363 and 12243.
33
Calculate the highest common factor of 940 and 21056.
188
Calculate the greatest common factor of 432 and 297.
27
What is the highest common factor of 48 and 13656?
24
Calculate the greatest common divisor of 3024 and 308.
28
What is the greatest common factor of 185836 and 532?
28
Calculate the greatest common divisor of 4700 and 1269.
47
Calculate the greatest common divisor of 658 and 318754.
94
Calculate the highest common divisor of 657 and 610353.
657
What is the greatest common factor of 28 and 25084?
4
What is the greatest common factor of 29930 and 2870?
410
What is the greatest common factor of 188622 and 210?
42
Calculate the highest common divisor of 4314402 and 9.
9
What is the highest common divisor of 29140 and 1220?
20
What is the greatest common factor of 27286 and 70?
14
What is the highest common factor of 3501 and 2367?
9
What is the highest common factor of 154 and 8050?
14
What is the greatest common divisor of 1638 and 22022?
182
Calculate the greatest common factor of 627 and 8265.
57
What is the greatest common divisor of 836 and 72941?
209
What is the highest common divisor of 273 and 1223859?
273
Calculate the greatest common divisor of 2255 and 2665.
205
What is the highest common factor of 31 and 3087011?
31
Calculate the greatest common divisor of 15573 and 1218.
87
What is the highest common factor of 104368 and 32?
16
Calculate the greatest common divisor of 78 and 274508.
26
What is the greatest common factor of 640 and 56890?
10
What is the highest common factor of 117 and 16484?
13
Calculate the greatest common divisor of 4214 and 23822.
86
Calculate the greatest common divisor of 374 and 156298.
34
Calculate the greatest common factor of 2220 and 2013540.
2220
What is the highest common factor of 342 and 3924?
18
Calculate the highest common factor of 15000 and 78.
6
What is the highest common divisor of 21179640 and 120?
120
What is the highest common factor of 890 and 173906?
178
What is the greatest common factor of 539 and 3641?
11
Calculate the greatest common divisor of 9666 and 3.
3
What is the greatest common factor of 19503 and 1452?
33
What is the highest common factor of 1164984 and 24?
24
What is the highest common factor of 8 and 10274?
2
Calculate the highest common divisor of 739245 and 910.
65
What is the highest common factor of 4286578 and 502?
502
What is the highest common divisor of 640 and 38720?
320
What is the greatest common factor of 8829 and 61476?
327
What is the highest common factor of 85 and 84235?
85
Calculate the highest common divisor of 1024 and 104.
8
What is the highest common factor of 16680 and 15360?
120
Calculate the greatest common divisor of 6 and 18087.
3
Calculate the greatest common factor of 124488 and 3864.
168
What is the greatest common divisor of 559 and 1609017?
43
Calculate the highest common factor of 731 and 1598.
17
Calculate the highest common divisor of 128 and 171968.
64
What is the greatest common divisor of 306 and 21906?
18
What is the greatest common divisor of 970 and 690?
10
Calculate the highest common divisor of 4 and 111716.
4
Calculate the highest common divisor of 16050 and 50550.
150
What is the greatest common divisor of 6643767 and 78?
39
Calculate the greatest common factor of 1702 and 414.
46
What is the greatest common factor of 155 and 20274?
31
Calculate the highest common divisor of 36 and 201876.
12
Calculate the highest common divisor of 2904 and 74472.
24
What is the greatest common divisor of 403 and 2232?
31
What is the highest common factor of 365 and 501437?
73
What is the greatest common factor of 105 and 18465?
15
What is the greatest common divisor of 667 and 5543?
23
Calculate the greatest common divisor of 54531 and 92637.
657
Calculate the greatest common divisor of 1199 and 12317.
109
Calculate the highest common divisor of 16 and 3184.
16
What is the highest common divisor of 674 and 1168379?
337
What is the greatest common divisor of 495732 and 1962?
654
Calculate the greatest common divisor of 114 and 58998.
6
Calculate the greatest common factor of 136 and 21862.
34
What is the highest common factor of 1651 and 8?
1
Calculate the highest common factor of 13941